True
Is 14 a multiple of 14?
True
Does 118 divide 10394?
False
Does 27 divide 4158?
True
Does 11 divide 2662?
True
Is 1278 a multiple of 3?
True
Does 12 divide 1001?
False
Is 56 a factor of 11403?
False
Does 35 divide 455?
True
Is 2376 a multiple of 33?
True
Is 34 a factor of 33782?
False
Is 1474 a multiple of 25?
False
Is 86 a factor of 7740?
True
Is 10670 a multiple of 10?
True
Is 24 a factor of 1665?
False
Is 792 a multiple of 22?
True
Is 23 a factor of 1345?
False
Is 21483 a multiple of 33?
True
Is 15 a factor of 210?
True
Is 295 a factor of 32745?
True
Does 398 divide 106881?
False
Does 42 divide 5376?
True
Is 48 a factor of 40992?
True
Does 13 divide 479?
False
Is 286 a multiple of 11?
True
Is 6552 even?
True
Does 33 divide 1344?
False
Is 12 a factor of 876?
True
Is 3695 a multiple of 18?
False
Is 45 a factor of 37980?
True
Is 30 a factor of 654?
False
Does 35 divide 5995?
False
Does 7 divide 316?
False
Is 329 a multiple of 25?
False
Is 5 even?
False
Does 12 divide 5961?
False
Is 1008 a multiple of 28?
True
Is 89 a factor of 1572?
False
Does 56 divide 621?
False
Is 15 a factor of 527?
False
Does 12 divide 144?
True
Does 17 divide 629?
True
Is 55 a factor of 23650?
True
Is 7 a factor of 7097?
False
Does 256 divide 667?
False
Does 13 divide 650?
True
Is 27 a factor of 19661?
False
Is 19950 a multiple of 266?
True
Is 15 a factor of 918?
False
Does 5 divide 1313?
False
Is 294 a multiple of 21?
True
Is 14 a factor of 400?
False
Is 14 a factor of 4368?
True
Does 78 divide 1014?
True
Is 132 a multiple of 2?
True
Is 46 a factor of 333?
False
Is 300 a multiple of 20?
True
Is 45 a factor of 4140?
True
Does 34 divide 578?
True
Is 106 a factor of 49078?
True
Is 2925 a multiple of 65?
True
Is 2016 a multiple of 72?
True
Does 30 divide 2910?
True
Is 29 a multiple of 2?
False
Is 143 a multiple of 13?
True
Is 1294 a multiple of 14?
False
Is 645 a multiple of 5?
True
Does 6 divide 3036?
True
Is 1938 a multiple of 18?
False
Is 1264 a multiple of 3?
False
Does 20 divide 2240?
True
Does 7 divide 506?
False
Is 940 a multiple of 11?
False
Does 28 divide 364?
True
Is 26153 a multiple of 13?
False
Does 4 divide 11510?
False
Is 15 a factor of 4239?
False
Is 7 a factor of 80?
False
Is 4 a factor of 2050?
False
Is 26 a factor of 2286?
False
Does 10 divide 3898?
False
Does 5 divide 240?
True
Is 514 a multiple of 4?
False
Does 26 divide 4839?
False
Is 15 a factor of 1534?
False
Does 58 divide 4640?
True
Is 1855 a multiple of 35?
True
Is 26 a factor of 2210?
True
Is 41 a factor of 205?
True
Is 1752 a multiple of 24?
True
Does 3 divide 123?
True
Is 12 a factor of 117?
False
Is 38 a factor of 4636?
True
Is 55672 a multiple of 8?
True
Does 37 divide 2717?
False
Is 11368 a multiple of 29?
True
Does 6 divide 334?
False
Does 15 divide 7401?
False
Does 8 divide 2090?
False
Is 10 a factor of 188?
False
Is 3069 a multiple of 11?
True
Does 7 divide 84?
True
Does 62 divide 29512?
True
Is 10925 a multiple of 30?
False
Is 13 a factor of 195?
True
Is 1568 a multiple of 14?
True
Is 4187 a multiple of 10?
False
Does 109 divide 1225?
False
Is 57 a multiple of 2?
False
Is 19 a factor of 5829?
False
Does 5 divide 5544?
False
Is 34 a factor of 55545?
False
Is 30 a factor of 2000?
False
Is 32 a factor of 52120?
False
Does 6 divide 21559?
False
Does 10 divide 3260?
True
Is 31 a factor of 310?
True
Is 61117 a multiple of 217?
False
Does 20 divide 594?
False
Does 14 divide 5404?
True
Does 6 divide 1488?
True
Does 24 divide 3688?
False
Is 89154 a multiple of 117?
True
Does 6 divide 6764?
False
Is 27 a factor of 108?
True
Is 357 a multiple of 8?
False
Does 11 divide 825?
True
Is 268 a multiple of 4?
True
Is 15423 a multiple of 97?
True
Is 1039 a multiple of 8?
False
Is 6016 a multiple of 188?
True
Is 13124 a multiple of 58?
False
Is 12 a factor of 7704?
True
Is 2 a factor of 6125?
False
Is 81 a factor of 4212?
True
Is 67121 a multiple of 8?
False
Is 480 a factor of 2524?
False
Is 6221 a multiple of 33?
False
Does 11 divide 18246?
False
Is 93709 a multiple of 77?
True
Does 7 divide 34699?
True
Is 274 a multiple of 29?
False
Does 32 divide 4729?
False
Is 25 a factor of 134200?
True
Is 126 a factor of 13230?
True
Does 16 divide 845?
False
Is 13356 a multiple of 53?
True
Is 782 a multiple of 6?
False
Is 87414 a multiple of 17?
True
Is 739 a multiple of 4?
False
Is 11679 a multiple of 51?
True
Does 20 divide 189?
False
Is 59286 a multiple of 82?
True
Is 5714 a multiple of 11?
False
Does 15 divide 2043?
False
Does 10 divide 970?
True
Is 11 a factor of 24578?
False
Is 18046 a multiple of 4?
False
Does 4 divide 115?
False
Is 2638 a multiple of 31?
False
Is 1313 a multiple of 30?
False
Does 7 divide 882?
True
Does 6 divide 96?
True
Is 2968 a multiple of 53?
True
Is 4018 a multiple of 51?
False
Is 1512 a multiple of 9?
True
Is 16528 a multiple of 47?
False
Is 126 a factor of 32180?
False
Is 1085 a multiple of 5?
True
Is 22 a factor of 13152?
False
Does 3 divide 116?
False
Is 127 a factor of 32131?
True
Is 60 a factor of 360?
True
Is 1952 a multiple of 25?
False
Does 136 divide 2009?
False
Is 157 a factor of 67981?
True
Is 49 a factor of 1127?
True
Is 2148 a multiple of 6?
True
Is 33 a factor of 8943?
True
Does 12 divide 6036?
True
Is 14 a factor of 308?
True
Is 20 a factor of 206?
False
Does 3 divide 4360?
False
Is 1628 a multiple of 44?
True
Does 13 divide 88374?
True
Does 19 divide 13560?
False
Does 13 divide 26?
True
Is 32 a factor of 288?
True
Is 22869 a multiple of 7?
True
Does 113 divide 226?
True
Is 4410 a multiple of 6?
True
Is 56 a factor of 95984?
True
Is 66 a factor of 596?
False
Is 4641 a multiple of 17?
True
Is 1408 a multiple of 16?
True
Is 5 a factor of 2420?
True
Is 71613 a multiple of 83?
False
Is 158079 a multiple of 327?
False
Is 32610 a multiple of 3?
True
Does 14 divide 11466?
True
Is 880 a multiple of 40?
True
Is 19 a factor of 814?
False
Does 102 divide 1892?
False
Is 485 a multiple of 12?
False
Is 1383 a multiple of 73?
False
Does 26 divide 5564?
True
Is 6 a factor of 348?
True
Is 9 a factor of 19863?
True
Is 19107 a multiple of 9?
True
Is 114646 a multiple of 15?
False
Is 17 a factor of 1167?
False
Does 95 divide 56525?
True
Is 150 a multiple of 50?
True
Is 25279 a multiple of 15?
False
Is 55 a factor of 35469?
False
Is 43 a factor of 16791?
False
Is 769 a multiple of 14?
False
Is 2044 a multiple of 14?
True
Is 10682 a multiple of 7?
True
Is 116 a factor of 15124?
False
Does 14 divide 2741?
False
Is 12078 a multiple of 11?
True
Is 3 a factor of 669?
True
Is 17 a factor of 5730?
False
Is 54 a factor of 324?
True
Does 58 divide 16298?
True
Is 6063 a multiple of 18?
False
Is 92 a factor of 5244?
True
Is 3908 a multiple of 9?
False
Is 109971 a multiple of 23?
False
Is 16 a factor of 4896?
True
Is 24 a factor of 998?
False
Is 34 a factor of 10506?
True
Does 34 divide 1122?
True
Is 14 a factor of 37646?
True
Does 17 divide 31977?
True
Is 15752 a multiple of 23?
False
Is 325 a factor of 16121?
False
Does 11 divide 5820?
False
Is 12584 a multiple of 8?
True
Is 1257 a multiple of 74?
False
Is 3 a factor of 372?
True
Is 20121 a multiple of 6?
False
Is 11 a factor of 31?
False
Is 14070 a multiple of 29?
False
Does 9 divide 63?
True
Does 40 divide 13095?
False
Is 30 a factor of 5040?
True
Does 3 divide 6828?
True
Is 59 a factor of 2303?
False
Is 12 a factor of 766?
False
Is 2110 a multiple of 22?
False
Does 13 divide 32158?
False
Is 381 a multiple of 4?
False
Does 3 divide 11553?
True
Is 236 a factor of 7556?
False
Does 33 divide 9910?
False
Is 24 a factor of 4254?
False
Is 52080 a multiple of 93?
True
Is 1788 a multiple of 29?
False
Does 13 divide 1300?
True
Is 2 a factor of 44?
True
Is 16 a factor of 592?
True
Is 7304 a multiple of 8?
True
Is 252 a multiple of 7?
True
Is 20394 a multiple of 26?
False
Does 14 divide 210?
True
Does 89 divide 2046?
False
Is 88 a factor of 49896?
True
Is 17480 a multiple of 7?
False
Is 7 a factor of 973?
True
Is 368 a multiple of 23?
True
Is 730 a multiple of 73?
True
Is 10833 a multiple of 89?
False
Is 167 a factor of 31229?
True
Is 114 a factor of 18074?
False
Does 22 divide 56056?
True
Does 82 divide 3280?
True
Does 28 divide 27832?
True
Does 8 divide 8707?
False
Is 6742 a multiple of 31?
False
Is 12 a factor of 2258?
False
Is 2 a factor of 2368?
Tru